 is the remainder when j is divided by o(0)?
13
Let x(t) = -t**3 + t**2 + t + 47. Let i be x(0). Suppose 3*o = 269 - i. Suppose -m + o = m. What is the remainder when m is divided by 13?
11
Let k(p) = 24*p**2 - 2*p + 1. Let h = -5 + 6. Suppose 0*v - 220 = -5*v. Calculate the remainder when v is divided by k(h).
21
Let f(c) = 2*c - 7. Let j be f(5). Suppose -j*p + 30 = -p. What is the remainder when 28 is divided by p?
13
Let i(j) = -j**2 - 1 + j - 2*j**2 - 8*j**3 - 3*j. What is the remainder when i(-2) is divided by 15?
10
Let w(v) = -v**3 + 4*v**2 - 3*v. Calculate the remainder when 3 is divided by w(2).
1
Suppose z = -0*z - 16. What is the remainder when 2*(-52)/z*6 is divided by 10?
9
Let r = -12 - -40. What is the remainder when r is divided by 11?
6
Suppose 2*f = 25 + 21. Calculate the remainder when 90 is divided by f.
21
Let m(k) = 18*k + 1. Suppose 0 = 5*a - w - 45, -w = 5*a - 0*a - 55. Calculate the remainder when m(2) is divided by a.
7
Let z(y) = -3*y + 16. What is the remainder when 145 is divided by z(-7)?
34
Suppose 2*d = -17 + 39. Let s(p) = 2*p**2 - 2*p. Calculate the remainder when d is divided by s(2).
3
Let f(r) = 9*r + 7. Suppose -i + 2*i = 0. Suppose -m - 1 = -i*m, 0 = 5*h + 2*m - 23. What is the remainder when f(h) is divided by 18?
16
Suppose m = 4*y - y, 6 = -3*y + 3*m. Calculate the remainder when 2 is divided by y.
0
Suppose 2*w = -2*w + 40. Suppose u + w = 6*u. Calculate the remainder when u is divided by 2*(4/2 + -1).
0
Let k(t) = 3*t**2 - 11*t - 17. What is the remainder when 85 is divided by k(6)?
10
Let u = 148 - 99. Calculate the remainder when u is divided by 26.
23
Let d = 21 - 21. Let q(i) = 2*i**2 - 5*i - 2. Let o be q(4). Suppose -p - p + o = d. Calculate the remainder when p is divided by 2.
1
Suppose 3*w + 48 = 7*w. Suppose -2*u - 4*h + 66 = 0, h + 25 = 6*h. What is the remainder when u is divided by w?
11
Let o be 30 + -1 + (-2 - -5). Let w = o - -49. Suppose 2*y - y = w. Calculate the remainder when y is divided by 21.
18
Suppose -2*m = -7*m + 35. Suppose 65 + m = 4*n. Suppose -2*r + 0*r + 98 = -2*p, -4*r = 5*p - 223. Calculate the remainder when r is divided by n.
16
Suppose 20 = -0*a + 4*a. Suppose w - 29 = -4*t, -55 = -0*w - a*w - 2*t. Calculate the remainder when 16 is divided by w.
7
Suppose r + 4*o = 0, 0 = -r + 2*o - 0*o. Suppose 3*j = -r*j + 60. Calculate the remainder when 77 is divided by j.
17
Let v = 67 + -20. Suppose -2 = -i, i - v = -5*f - 0*i. Let m(y) = -6*y - 2. What is the remainder when m(-3) is divided by f?
7
Suppose -5*a - 5*h = -120, -5*a + 4*h + 86 = 11. Calculate the remainder when a is divided by 0 + 0 - (-2 - 5).
5
Let y(n) = n. Calculate the remainder when 10 is divided by y(5).
0
Let f = 19 - 15. Calculate the remainder when (-54)/3*(-6)/9 is divided by f.
0
Suppose 0 = -8*b + 71 - 47. Let a = -2 + 2. Suppose -3*n = -5*p + 4, a*n = -4*n + 8. Calculate the remainder when b is divided by p.
1
Let c(a) = 3*a**3 - a**2 - a + 2. Let h be c(2). Suppose l + l - h = 0. Calculate the remainder when 19 is divided by l.
9
Suppose -4*b = -4*g - 28, 2*b + 1 = -g - 0. Calculate the remainder when 1/b + (-45)/(-2) is divided by 8.
7
Let x(z) = z + 4. Let s be x(3). Suppose -2*i + 25 = -s. Suppose -a - 3*a + i = 0. Calculate the remainder when 11 is divided by a.
3
Let z = -15 - -16. Let d = 7 + -5. Calculate the remainder when d is divided by (-14 - -12) + (5 - z).
0
Let n be 2/1*3/2. What is the remainder when (-2)/n - 68/(-12) is divided by (-4 + 7 + -1)*1?
1
Let k(l) = l**3 - 12*l**2 + 11*l + 10. Let n(g) = 2*g**2 + 16*g + 6. Calculate the remainder when k(11) is divided by n(-8).
4
Let c = -6 - 8. What is the remainder when 16 is divided by (-130)/c - (-2)/(-7)?
7
Let n be (-10)/(-3)*(-12)/(-8). Suppose -n*s + 9 = -1. Suppose -22 = -s*f - 0*f. What is the remainder when 20 is divided by f?
9
Let m = 31 - 20. What is the remainder when 41 is divided by m?
8
Let m(z) = z**2 - 3*z + 4. Calculate the remainder when m(-3) is divided by 6.
4
Let p(y) = y**2 - y + 2. Let u be p(5). What is the remainder when u*-4*2/(-16) is divided by 7?
4
Let v(w) be the first derivative of 2*w**2 - 4*w - 2. Calculate the remainder when v(5) is divided by 9.
7
Suppose -8*g = 44 - 116. Calculate the remainder when 15 is divided by g.
6
Let k(f) = f**3 - f + 41. Let w = -33 + 82. Let o = -27 + w. What is the remainder when k(0) is divided by o?
19
Let z(n) = n**3 - 6*n**2 + 3. Suppose 24 = -0*g + 4*g. Let o be z(g). Calculate the remainder when (-2)/o + 106/6 is divided by 6.
5
Suppose 3*c + 47 = 5. Let s be (-8)/28 - 88/c. Suppose -2*q - s = -3*q. Calculate the remainder when 10 is divided by q.
4
Suppose l + 2*l = 3*p, -5 = -4*l + 3*p. Suppose -2*g = -5 - 3. What is the remainder when l is divided by g?
1
Suppose 0 = -2*v - 5 + 13. Calculate the remainder when v is divided by -1*(1 - 1) - -2.
0
Suppose 2*y + 2*y = 148. What is the remainder when y is divided by 13?
11
Let s = -3 - -2. Let m be (-2 + 1)/(0 - s). Calculate the remainder when 8*(m + (-6)/(-4)) is divided by 3.
1
Suppose -3*q + 3*h + 1 = -8, -2*q + 9 = h. Let x be q/6 - 7/(-3). Suppose 4*k - 4 = 0, -102 + 20 = -5*n + x*k. What is the remainder when n is divided by 9?
8
Let f = -98 - -171. Calculate the remainder when f is divided by 25.
23
Let v = -8 - -11. Suppose 0 = -2*z, 2*m - v = 4*z + 7. Suppose m*t - 48 = t. What is the remainder when 22 is divided by t?
10
Calculate the remainder when (6/(-8))/((-14)/448) is divided by 13.
11
Suppose -4*p = -p, 0 = 3*r - p - 54. What is the remainder when 143 is divided by r?
17
Let k(p) be the third derivative of p**6/120 + 2*p**5/15 + p**3/6 - 3*p**2. What is the remainder when k(-7) is divided by 17?
16
Let i be 2/(-1) + 0 + 6. Suppose -i = 2*q - 14. Let c = 3 + 0. Calculate the remainder when q is divided by c.
2
Suppose 5*l + 28 = 2*r, 0 = -5*l + 4*l. What is the remainder when r is divided by 5?
4
Let q(t) be the first derivative of -t**2/2 + 11*t - 4. Calculate the remainder when 4 is divided by q(9).
0
Suppose 0*t = 4*z + 3*t + 8, 4*t + 15 = -z. Let q be -1 + z/((-1)/(-6)). Suppose 15 = q*y, -2*y + 23 = p + 2*y. Calculate the remainder when 19 is divided by p.
8
Let g(a) = a**3 - 5*a**2 - 7*a - 8. Let u(h) = -h - 6. Let k be u(-13). What is the remainder when g(k) is divided by 14?
13
Let s(d) = 12*d. Let x be s(-3). Let k = 52 + x. What is the remainder when k is divided by 9?
7
Suppose 3*o = 4*w - 59, 26 = 4*w - 4*o - 34. What is the remainder when w is divided by (-8)/(-4) - -1*3?
4
Let o = -171 + 191. What is the remainder when o is divided by 4?
0
Suppose 4*g = 3*h + 53, h - 2*h - 13 = g. Let c = -3 + 1. Calculate the remainder when 11 is divided by h/c + (-3)/2.
5
Suppose 0 = 2*a + 3*a - 45. Let x = 58 - 34. Calculate the remainder when x is divided by a.
6
Let y(h) = 2*h**2 + 6*h. Let x = 2 + 1. Let l(w) = -4*w**2 - 13*w + 1. Let q(r) = x*l(r) + 7*y(r). Calculate the remainder when q(-4) is divided by 8.
7
Let p(g) = -69*g + 40. Calculate the remainder when p(-4) is divided by 53.
51
Let i = 61 - 39. Calculate the remainder when 41 is divided by i.
19
Let x be (-2)/(-4) - 7/(-2). Suppose -x*h = -4*b - h + 68, 2*b - 4*h = 34. Suppose 0 = 2*l + l - 30. Calculate the remainder when b is divided by l.
7
Suppose 30 = 3*c + 6. What is the remainder when 14 is divided by c?
6
Let x = 106 - 35. What is the remainder when x is divided by 37?
34
Let p = 72 + -40. Calculate the remainder when p is divided by 11.
10
Let k(v) = 20*v + 1. Let a(h) = -h**2 - 5*h + 2. Calculate the remainder when k(1) is divided by a(-3).
5
Let w = 7 - 2. Suppose -m + w = -3*a + 58, -2*m = -2*a + 42. What is the remainder when 37 is divided by (-114)/4*a/(-24)?
18
What is the remainder when 29 is divided by 231/(-15)*-1 - (-2)/(-5)?
14
Suppose -2*a - 2*v + 46 = 2*v, 2*a - 2*v = 16. What is the remainder when a is divided by 8?
5
Let l be 7 + (-4 - -2) + 1. Let f be 30/(-4)*(-4)/l. Suppose -4*c + 0*p + p = -224, -2*p + 267 = f*c. Calculate the remainder when c is divided by 19.
17
Suppose 4*p = 5*j - 95, -4*j = -8*j + 2*p + 70. What is the remainder when 42 is divided by j?
12
Let v be 2/(2*(-2)/(-6)). Suppose 5*z - 5*n = -37 + 2, -13 = 2*z - v*n. Let q = z + 34. Calculate the remainder when q is divided by 9.
8
Calcu